{"id":64,"date":"2022-03-02T17:20:42","date_gmt":"2022-03-02T16:20:42","guid":{"rendered":"https:\/\/www.hotel-minichmayr.at\/?post_type=mphb_room_type&#038;p=64"},"modified":"2024-12-21T07:33:36","modified_gmt":"2024-12-21T06:33:36","slug":"business-doppelzimmer","status":"publish","type":"mphb_room_type","link":"https:\/\/www.hotel-minichmayr.at\/en\/accommodation\/business-doppelzimmer\/","title":{"rendered":"Business Doppelzimmer"},"content":{"rendered":"<p>Unsere Business-Doppelzimmer bieten den perfekten Rahmen f\u00fcr Gesch\u00e4ftsreisen &amp; Kurzurlaube &#8211; genie\u00dfen Sie Zeit zu Zweit oder mehr Platz f\u00fcr Sie alleine.<\/p>\n<p>Individuell &amp; komfortabel ausgestattet im Modernen Biedermeier-Stil mit bequemem gro\u00dfen Doppelbett, Schreibtisch und\/oder Sitzecke.<\/p>\n<p><strong>\u20ac 115,00<\/strong> im Doppelzimmer zur Einzelnutzung inkl. Buffetfr\u00fchst\u00fcck<br \/>\n<strong>\u20ac 155,00 <\/strong>im Doppelzimmer f\u00fcr 2 Personen inkl. Buffetfr\u00fchst\u00fcck<\/p>\n","protected":false},"excerpt":{"rendered":"<p>Unsere Business-Doppelzimmer bieten den perfekten Rahmen f\u00fcr Gesch\u00e4ftsreisen &amp; Kurzurlaube &#8211; genie\u00dfen Sie Zeit zu Zweit oder mehr Platz f\u00fcr Sie alleine. Individuell &amp; komfortabel ausgestattet im Modernen Biedermeier-Stil mit bequemem gro\u00dfen Doppelbett, Schreibtisch und\/oder Sitzecke. \u20ac 115,00 im Doppelzimmer zur Einzelnutzung inkl. Buffetfr\u00fchst\u00fcck \u20ac 155,00 im Doppelzimmer f\u00fcr 2 Personen inkl. Buffetfr\u00fchst\u00fcck<\/p>\n","protected":false},"featured_media":0,"menu_order":0,"comment_status":"closed","ping_status":"closed","template":"","meta":{"site-sidebar-layout":"default","site-content-layout":"plain-container","ast-site-content-layout":"default","site-content-style":"default","site-sidebar-style":"default","ast-global-header-display":"","ast-banner-title-visibility":"","ast-main-header-display":"","ast-hfb-above-header-display":"","ast-hfb-below-header-display":"","ast-hfb-mobile-header-display":"","site-post-title":"","ast-breadcrumbs-content":"","ast-featured-img":"","footer-sml-layout":"","ast-disable-related-posts":"","theme-transparent-header-meta":"default","adv-header-id-meta":"","stick-header-meta":"","header-above-stick-meta":"","header-main-stick-meta":"","header-below-stick-meta":"","astra-migrate-meta-layouts":"default","ast-page-background-enabled":"default","ast-page-background-meta":{"desktop":{"background-color":"var(--ast-global-color-4)","background-image":"","background-repeat":"repeat","background-position":"center center","background-size":"auto","background-attachment":"scroll","background-type":"","background-media":"","overlay-type":"","overlay-color":"","overlay-opacity":"","overlay-gradient":""},"tablet":{"background-color":"","background-image":"","background-repeat":"repeat","background-position":"center center","background-size":"auto","background-attachment":"scroll","background-type":"","background-media":"","overlay-type":"","overlay-color":"","overlay-opacity":"","overlay-gradient":""},"mobile":{"background-color":"","background-image":"","background-repeat":"repeat","background-position":"center center","background-size":"auto","background-attachment":"scroll","background-type":"","background-media":"","overlay-type":"","overlay-color":"","overlay-opacity":"","overlay-gradient":""}},"ast-content-background-meta":{"desktop":{"background-color":"var(--ast-global-color-5)","background-image":"","background-repeat":"repeat","background-position":"center center","background-size":"auto","background-attachment":"scroll","background-type":"","background-media":"","overlay-type":"","overlay-color":"","overlay-opacity":"","overlay-gradient":""},"tablet":{"background-color":"var(--ast-global-color-5)","background-image":"","background-repeat":"repeat","background-position":"center center","background-size":"auto","background-attachment":"scroll","background-type":"","background-media":"","overlay-type":"","overlay-color":"","overlay-opacity":"","overlay-gradient":""},"mobile":{"background-color":"var(--ast-global-color-5)","background-image":"","background-repeat":"repeat","background-position":"center center","background-size":"auto","background-attachment":"scroll","background-type":"","background-media":"","overlay-type":"","overlay-color":"","overlay-opacity":"","overlay-gradient":""}}},"mphb_room_type_category":[10],"mphb_room_type_tag":[],"mphb_room_type_facility":[57,43,52,44],"class_list":["post-64","mphb_room_type","type-mphb_room_type","status-publish","hentry","mphb_room_type_category-doppelzimmer","mphb_room_type_facility-badewanne-oder-dusche","mphb_room_type_facility-flachbildfernseher","mphb_room_type_facility-kabel-tv","mphb_room_type_facility-kostenloses-wireless-lan","mphb-room-type-adults-2","mphb-room-type-children-0",""],"yoast_head":"<!-- This site is optimized with the Yoast SEO plugin v27.1.1 - https:\/\/yoast.com\/product\/yoast-seo-wordpress\/ -->\n<title>Business Doppelzimmer - \u2b50\u2b50\u2b50\u2b50 Hotel Minichmayr in Steyr<\/title>\n<meta name=\"robots\" content=\"index, follow, max-snippet:-1, max-image-preview:large, max-video-preview:-1\" \/>\n<link rel=\"canonical\" href=\"https:\/\/www.hotel-minichmayr.at\/accommodation\/business-doppelzimmer\/\" \/>\n<meta property=\"og:locale\" content=\"en_US\" \/>\n<meta property=\"og:type\" content=\"article\" \/>\n<meta property=\"og:title\" content=\"Business Doppelzimmer - \u2b50\u2b50\u2b50\u2b50 Hotel Minichmayr in Steyr\" \/>\n<meta property=\"og:description\" content=\"Unsere Business-Doppelzimmer bieten den perfekten Rahmen f\u00fcr Gesch\u00e4ftsreisen &amp; Kurzurlaube &#8211; genie\u00dfen Sie Zeit zu Zweit oder mehr Platz f\u00fcr Sie alleine. Individuell &amp; komfortabel ausgestattet im Modernen Biedermeier-Stil mit bequemem gro\u00dfen Doppelbett, Schreibtisch und\/oder Sitzecke. \u20ac 115,00 im Doppelzimmer zur Einzelnutzung inkl. Buffetfr\u00fchst\u00fcck \u20ac 155,00 im Doppelzimmer f\u00fcr 2 Personen inkl. Buffetfr\u00fchst\u00fcck\" \/>\n<meta property=\"og:url\" content=\"https:\/\/www.hotel-minichmayr.at\/accommodation\/business-doppelzimmer\/\" \/>\n<meta property=\"og:site_name\" content=\"\u2b50\u2b50\u2b50\u2b50 Hotel Minichmayr in Steyr\" \/>\n<meta property=\"article:modified_time\" content=\"2024-12-21T06:33:36+00:00\" \/>\n<meta name=\"twitter:card\" content=\"summary_large_image\" \/>\n<meta name=\"twitter:label1\" content=\"Est. reading time\" \/>\n\t<meta name=\"twitter:data1\" content=\"1 minute\" \/>\n<script type=\"application\/ld+json\" class=\"yoast-schema-graph\">{\"@context\":\"https:\/\/schema.org\",\"@graph\":[{\"@type\":\"WebPage\",\"@id\":\"https:\/\/www.hotel-minichmayr.at\/accommodation\/business-doppelzimmer\/\",\"url\":\"https:\/\/www.hotel-minichmayr.at\/accommodation\/business-doppelzimmer\/\",\"name\":\"Business Doppelzimmer - \u2b50\u2b50\u2b50\u2b50 Hotel Minichmayr in Steyr\",\"isPartOf\":{\"@id\":\"https:\/\/www.hotel-minichmayr.at\/#website\"},\"datePublished\":\"2022-03-02T16:20:42+00:00\",\"dateModified\":\"2024-12-21T06:33:36+00:00\",\"breadcrumb\":{\"@id\":\"https:\/\/www.hotel-minichmayr.at\/accommodation\/business-doppelzimmer\/#breadcrumb\"},\"inLanguage\":\"en-US\",\"potentialAction\":[{\"@type\":\"ReadAction\",\"target\":[\"https:\/\/www.hotel-minichmayr.at\/accommodation\/business-doppelzimmer\/\"]}]},{\"@type\":\"BreadcrumbList\",\"@id\":\"https:\/\/www.hotel-minichmayr.at\/accommodation\/business-doppelzimmer\/#breadcrumb\",\"itemListElement\":[{\"@type\":\"ListItem\",\"position\":1,\"name\":\"Startseite\",\"item\":\"https:\/\/www.hotel-minichmayr.at\/en\/\"},{\"@type\":\"ListItem\",\"position\":2,\"name\":\"Accommodation Types\",\"item\":\"https:\/\/www.hotel-minichmayr.at\/en\/accommodation\/\"},{\"@type\":\"ListItem\",\"position\":3,\"name\":\"Business Doppelzimmer\"}]},{\"@type\":\"WebSite\",\"@id\":\"https:\/\/www.hotel-minichmayr.at\/#website\",\"url\":\"https:\/\/www.hotel-minichmayr.at\/\",\"name\":\"\u2b50\u2b50\u2b50\u2b50 Hotel Minichmayr in Steyr\",\"description\":\"\",\"publisher\":{\"@id\":\"https:\/\/www.hotel-minichmayr.at\/#organization\"},\"potentialAction\":[{\"@type\":\"SearchAction\",\"target\":{\"@type\":\"EntryPoint\",\"urlTemplate\":\"https:\/\/www.hotel-minichmayr.at\/?s={search_term_string}\"},\"query-input\":{\"@type\":\"PropertyValueSpecification\",\"valueRequired\":true,\"valueName\":\"search_term_string\"}}],\"inLanguage\":\"en-US\"},{\"@type\":\"Organization\",\"@id\":\"https:\/\/www.hotel-minichmayr.at\/#organization\",\"name\":\"\u2b50\u2b50\u2b50\u2b50 Hotel Minichmayr in Steyr\",\"url\":\"https:\/\/www.hotel-minichmayr.at\/\",\"logo\":{\"@type\":\"ImageObject\",\"inLanguage\":\"en-US\",\"@id\":\"https:\/\/www.hotel-minichmayr.at\/#\/schema\/logo\/image\/\",\"url\":\"https:\/\/www.hotel-minichmayr.at\/wp-content\/uploads\/2022\/03\/logo_start.png\",\"contentUrl\":\"https:\/\/www.hotel-minichmayr.at\/wp-content\/uploads\/2022\/03\/logo_start.png\",\"width\":391,\"height\":116,\"caption\":\"\u2b50\u2b50\u2b50\u2b50 Hotel Minichmayr in Steyr\"},\"image\":{\"@id\":\"https:\/\/www.hotel-minichmayr.at\/#\/schema\/logo\/image\/\"}}]}<\/script>\n<!-- \/ Yoast SEO plugin. -->","yoast_head_json":{"title":"Business Doppelzimmer - \u2b50\u2b50\u2b50\u2b50 Hotel Minichmayr in Steyr","robots":{"index":"index","follow":"follow","max-snippet":"max-snippet:-1","max-image-preview":"max-image-preview:large","max-video-preview":"max-video-preview:-1"},"canonical":"https:\/\/www.hotel-minichmayr.at\/accommodation\/business-doppelzimmer\/","og_locale":"en_US","og_type":"article","og_title":"Business Doppelzimmer - \u2b50\u2b50\u2b50\u2b50 Hotel Minichmayr in Steyr","og_description":"Unsere Business-Doppelzimmer bieten den perfekten Rahmen f\u00fcr Gesch\u00e4ftsreisen &amp; Kurzurlaube &#8211; genie\u00dfen Sie Zeit zu Zweit oder mehr Platz f\u00fcr Sie alleine. Individuell &amp; komfortabel ausgestattet im Modernen Biedermeier-Stil mit bequemem gro\u00dfen Doppelbett, Schreibtisch und\/oder Sitzecke. \u20ac 115,00 im Doppelzimmer zur Einzelnutzung inkl. Buffetfr\u00fchst\u00fcck \u20ac 155,00 im Doppelzimmer f\u00fcr 2 Personen inkl. Buffetfr\u00fchst\u00fcck","og_url":"https:\/\/www.hotel-minichmayr.at\/accommodation\/business-doppelzimmer\/","og_site_name":"\u2b50\u2b50\u2b50\u2b50 Hotel Minichmayr in Steyr","article_modified_time":"2024-12-21T06:33:36+00:00","twitter_card":"summary_large_image","twitter_misc":{"Est. reading time":"1 minute"},"schema":{"@context":"https:\/\/schema.org","@graph":[{"@type":"WebPage","@id":"https:\/\/www.hotel-minichmayr.at\/accommodation\/business-doppelzimmer\/","url":"https:\/\/www.hotel-minichmayr.at\/accommodation\/business-doppelzimmer\/","name":"Business Doppelzimmer - \u2b50\u2b50\u2b50\u2b50 Hotel Minichmayr in Steyr","isPartOf":{"@id":"https:\/\/www.hotel-minichmayr.at\/#website"},"datePublished":"2022-03-02T16:20:42+00:00","dateModified":"2024-12-21T06:33:36+00:00","breadcrumb":{"@id":"https:\/\/www.hotel-minichmayr.at\/accommodation\/business-doppelzimmer\/#breadcrumb"},"inLanguage":"en-US","potentialAction":[{"@type":"ReadAction","target":["https:\/\/www.hotel-minichmayr.at\/accommodation\/business-doppelzimmer\/"]}]},{"@type":"BreadcrumbList","@id":"https:\/\/www.hotel-minichmayr.at\/accommodation\/business-doppelzimmer\/#breadcrumb","itemListElement":[{"@type":"ListItem","position":1,"name":"Startseite","item":"https:\/\/www.hotel-minichmayr.at\/en\/"},{"@type":"ListItem","position":2,"name":"Accommodation Types","item":"https:\/\/www.hotel-minichmayr.at\/en\/accommodation\/"},{"@type":"ListItem","position":3,"name":"Business Doppelzimmer"}]},{"@type":"WebSite","@id":"https:\/\/www.hotel-minichmayr.at\/#website","url":"https:\/\/www.hotel-minichmayr.at\/","name":"\u2b50\u2b50\u2b50\u2b50 Hotel Minichmayr in Steyr","description":"","publisher":{"@id":"https:\/\/www.hotel-minichmayr.at\/#organization"},"potentialAction":[{"@type":"SearchAction","target":{"@type":"EntryPoint","urlTemplate":"https:\/\/www.hotel-minichmayr.at\/?s={search_term_string}"},"query-input":{"@type":"PropertyValueSpecification","valueRequired":true,"valueName":"search_term_string"}}],"inLanguage":"en-US"},{"@type":"Organization","@id":"https:\/\/www.hotel-minichmayr.at\/#organization","name":"\u2b50\u2b50\u2b50\u2b50 Hotel Minichmayr in Steyr","url":"https:\/\/www.hotel-minichmayr.at\/","logo":{"@type":"ImageObject","inLanguage":"en-US","@id":"https:\/\/www.hotel-minichmayr.at\/#\/schema\/logo\/image\/","url":"https:\/\/www.hotel-minichmayr.at\/wp-content\/uploads\/2022\/03\/logo_start.png","contentUrl":"https:\/\/www.hotel-minichmayr.at\/wp-content\/uploads\/2022\/03\/logo_start.png","width":391,"height":116,"caption":"\u2b50\u2b50\u2b50\u2b50 Hotel Minichmayr in Steyr"},"image":{"@id":"https:\/\/www.hotel-minichmayr.at\/#\/schema\/logo\/image\/"}}]}},"_links":{"self":[{"href":"https:\/\/www.hotel-minichmayr.at\/en\/wp-json\/wp\/v2\/mphb_room_type\/64","targetHints":{"allow":["GET"]}}],"collection":[{"href":"https:\/\/www.hotel-minichmayr.at\/en\/wp-json\/wp\/v2\/mphb_room_type"}],"about":[{"href":"https:\/\/www.hotel-minichmayr.at\/en\/wp-json\/wp\/v2\/types\/mphb_room_type"}],"replies":[{"embeddable":true,"href":"https:\/\/www.hotel-minichmayr.at\/en\/wp-json\/wp\/v2\/comments?post=64"}],"wp:attachment":[{"href":"https:\/\/www.hotel-minichmayr.at\/en\/wp-json\/wp\/v2\/media?parent=64"}],"wp:term":[{"taxonomy":"mphb_room_type_category","embeddable":true,"href":"https:\/\/www.hotel-minichmayr.at\/en\/wp-json\/wp\/v2\/mphb_room_type_category?post=64"},{"taxonomy":"mphb_room_type_tag","embeddable":true,"href":"https:\/\/www.hotel-minichmayr.at\/en\/wp-json\/wp\/v2\/mphb_room_type_tag?post=64"},{"taxonomy":"mphb_room_type_facility","embeddable":true,"href":"https:\/\/www.hotel-minichmayr.at\/en\/wp-json\/wp\/v2\/mphb_room_type_facility?post=64"}],"curies":[{"name":"wp","href":"https:\/\/api.w.org\/{rel}","templated":true}]}}

<p>Unsere Business-Doppelzimmer bieten den perfekten Rahmen für Geschäftsreisen &amp; Kurzurlaube &#8211; genießen Sie Zeit zu Zweit oder mehr Platz für Sie alleine.</p>
<p>Individuell &amp; komfortabel ausgestattet im Modernen Biedermeier-Stil mit bequemem großen Doppelbett, Schreibtisch und/oder Sitzecke.</p>
<p><strong>€ 115,00</strong> im Doppelzimmer zur Einzelnutzung inkl. Buffetfrühstück<br />
<strong>€ 155,00 </strong>im Doppelzimmer für 2 Personen inkl. Buffetfrühstück</p>

<p>Unsere Business-Doppelzimmer bieten den perfekten Rahmen für Geschäftsreisen &amp; Kurzurlaube &#8211; genießen Sie Zeit zu Zweit oder mehr Platz für Sie alleine. Individuell &amp; komfortabel ausgestattet im Modernen Biedermeier-Stil mit bequemem großen Doppelbett, Schreibtisch und/oder Sitzecke. € 115,00 im Doppelzimmer zur Einzelnutzung inkl. Buffetfrühstück € 155,00 im Doppelzimmer für 2 Personen inkl. Buffetfrühstück</p>

<!-- This site is optimized with the Yoast SEO plugin v27.1.1 - https://yoast.com/product/yoast-seo-wordpress/ -->
<title>Business Doppelzimmer - ⭐⭐⭐⭐ Hotel Minichmayr in Steyr</title>
<meta name="robots" content="index, follow, max-snippet:-1, max-image-preview:large, max-video-preview:-1" />
<link rel="canonical" href="https://www.hotel-minichmayr.at/accommodation/business-doppelzimmer/" />
<meta property="og:locale" content="en_US" />
<meta property="og:type" content="article" />
<meta property="og:title" content="Business Doppelzimmer - ⭐⭐⭐⭐ Hotel Minichmayr in Steyr" />
<meta property="og:description" content="Unsere Business-Doppelzimmer bieten den perfekten Rahmen für Geschäftsreisen &amp; Kurzurlaube &#8211; genießen Sie Zeit zu Zweit oder mehr Platz für Sie alleine. Individuell &amp; komfortabel ausgestattet im Modernen Biedermeier-Stil mit bequemem großen Doppelbett, Schreibtisch und/oder Sitzecke. € 115,00 im Doppelzimmer zur Einzelnutzung inkl. Buffetfrühstück € 155,00 im Doppelzimmer für 2 Personen inkl. Buffetfrühstück" />
<meta property="og:url" content="https://www.hotel-minichmayr.at/accommodation/business-doppelzimmer/" />
<meta property="og:site_name" content="⭐⭐⭐⭐ Hotel Minichmayr in Steyr" />
<meta property="article:modified_time" content="2024-12-21T06:33:36+00:00" />
<meta name="twitter:card" content="summary_large_image" />
<meta name="twitter:label1" content="Est. reading time" />
	<meta name="twitter:data1" content="1 minute" />
<script type="application/ld+json" class="yoast-schema-graph">{"@context":"https://schema.org","@graph":[{"@type":"WebPage","@id":"https://www.hotel-minichmayr.at/accommodation/business-doppelzimmer/","url":"https://www.hotel-minichmayr.at/accommodation/business-doppelzimmer/","name":"Business Doppelzimmer - ⭐⭐⭐⭐ Hotel Minichmayr in Steyr","isPartOf":{"@id":"https://www.hotel-minichmayr.at/#website"},"datePublished":"2022-03-02T16:20:42+00:00","dateModified":"2024-12-21T06:33:36+00:00","breadcrumb":{"@id":"https://www.hotel-minichmayr.at/accommodation/business-doppelzimmer/#breadcrumb"},"inLanguage":"en-US","potentialAction":[{"@type":"ReadAction","target":["https://www.hotel-minichmayr.at/accommodation/business-doppelzimmer/"]}]},{"@type":"BreadcrumbList","@id":"https://www.hotel-minichmayr.at/accommodation/business-doppelzimmer/#breadcrumb","itemListElement":[{"@type":"ListItem","position":1,"name":"Startseite","item":"https://www.hotel-minichmayr.at/en/"},{"@type":"ListItem","position":2,"name":"Accommodation Types","item":"https://www.hotel-minichmayr.at/en/accommodation/"},{"@type":"ListItem","position":3,"name":"Business Doppelzimmer"}]},{"@type":"WebSite","@id":"https://www.hotel-minichmayr.at/#website","url":"https://www.hotel-minichmayr.at/","name":"⭐⭐⭐⭐ Hotel Minichmayr in Steyr","description":"","publisher":{"@id":"https://www.hotel-minichmayr.at/#organization"},"potentialAction":[{"@type":"SearchAction","target":{"@type":"EntryPoint","urlTemplate":"https://www.hotel-minichmayr.at/?s={search_term_string}"},"query-input":{"@type":"PropertyValueSpecification","valueRequired":true,"valueName":"search_term_string"}}],"inLanguage":"en-US"},{"@type":"Organization","@id":"https://www.hotel-minichmayr.at/#organization","name":"⭐⭐⭐⭐ Hotel Minichmayr in Steyr","url":"https://www.hotel-minichmayr.at/","logo":{"@type":"ImageObject","inLanguage":"en-US","@id":"https://www.hotel-minichmayr.at/#/schema/logo/image/","url":"https://www.hotel-minichmayr.at/wp-content/uploads/2022/03/logo_start.png","contentUrl":"https://www.hotel-minichmayr.at/wp-content/uploads/2022/03/logo_start.png","width":391,"height":116,"caption":"⭐⭐⭐⭐ Hotel Minichmayr in Steyr"},"image":{"@id":"https://www.hotel-minichmayr.at/#/schema/logo/image/"}}]}</script>
<!-- / Yoast SEO plugin. -->

Unsere Business-Doppelzimmer bieten den perfekten Rahmen für Geschäftsreisen &amp; Kurzurlaube &#8211; genießen Sie Zeit zu Zweit oder mehr Platz für Sie alleine. Individuell &amp; komfortabel ausgestattet im Modernen Biedermeier-Stil mit bequemem großen Doppelbett, Schreibtisch und/oder Sitzecke. € 115,00 im Doppelzimmer zur Einzelnutzung inkl. Buffetfrühstück € 155,00 im Doppelzimmer für 2 Personen inkl. Buffetfrühstück
